{"id":281,"date":"2023-01-26T21:02:03","date_gmt":"2023-01-26T21:02:03","guid":{"rendered":"https:\/\/rakentajatiimi.fi\/?page_id=281"},"modified":"2025-03-13T14:54:23","modified_gmt":"2025-03-13T14:54:23","slug":"rekisteri-ja-tietosuojaseloste","status":"publish","type":"page","link":"https:\/\/rakentajatiimi.fi\/?page_id=281","title":{"rendered":"Rekisteri- ja tietosuojaseloste"},"content":{"rendered":"\n<div class=\"wp-block-cover alignfull\" style=\"min-height:800px;aspect-ratio:unset;\"><span aria-hidden=\"true\" class=\"wp-block-cover__background has-background-dim-0 has-background-dim\"><\/span><img loading=\"lazy\" decoding=\"async\" width=\"1366\" height=\"768\" class=\"wp-block-cover__image-background wp-image-350\" alt=\"\" src=\"https:\/\/rakentajatiimi.fi\/wp-content\/uploads\/2023\/03\/Rakentajatiimi_yhteydenotto-1.jpg\" data-object-fit=\"cover\" srcset=\"https:\/\/rakentajatiimi.fi\/wp-content\/uploads\/2023\/03\/Rakentajatiimi_yhteydenotto-1.jpg 1366w, https:\/\/rakentajatiimi.fi\/wp-content\/uploads\/2023\/03\/Rakentajatiimi_yhteydenotto-1-300x169.jpg 300w, https:\/\/rakentajatiimi.fi\/wp-content\/uploads\/2023\/03\/Rakentajatiimi_yhteydenotto-1-1024x576.jpg 1024w, https:\/\/rakentajatiimi.fi\/wp-content\/uploads\/2023\/03\/Rakentajatiimi_yhteydenotto-1-768x432.jpg 768w\" sizes=\"auto, (max-width: 1366px) 100vw, 1366px\" \/><div class=\"wp-block-cover__inner-container is-layout-flow wp-block-cover-is-layout-flow\">\n<p class=\"has-text-align-center has-large-font-size\"><\/p>\n<\/div><\/div>\n\n\n\n<h2 class=\"wp-block-heading\" style=\"margin-top:var(--wp--preset--spacing--80);margin-right:0;margin-bottom:var(--wp--preset--spacing--80);margin-left:0\"><strong>Rekisteri- ja tietosuojaseloste<\/strong><\/h2>\n\n\n\n<p class=\"has-ast-global-color-1-color has-text-color\"><strong>\u200d<\/strong>T\u00e4m\u00e4 on RT-Hanke Oy:n EU:n yleisen tietosuoja-asetuksen (GDPR) mukainen rekisteri- ja tietosuojaseloste. Laadittu 19.01.2023.<\/p>\n\n\n\n<p class=\"has-ast-global-color-1-color has-text-color\">\u200d<strong>1. Rekisterinpit\u00e4j\u00e4<\/strong><br>RT-Hanke Oy, (Y-tunnus 3094998-9), Metallimiehenkuja 10, 02150 Espoo<\/p>\n\n\n\n<p class=\"has-ast-global-color-1-color has-text-color\">\u200d<strong>2. Rekisterist\u00e4 vastaava yhteyshenkil\u00f6<\/strong><br>Raimo Kuisma,&nbsp;<a target=\"_blank\" href=\"mailto:info@rakentajatiimi.fi\" rel=\"noreferrer noopener\">info@rakentajatiimi.fi<\/a>,&nbsp;<a target=\"_blank\" href=\"tel:+358400199379\" rel=\"noreferrer noopener\">+358 40 019 9379<\/a><\/p>\n\n\n\n<p class=\"has-ast-global-color-1-color has-text-color\">\u200d<strong>3. Rekisterin nimi<\/strong><br>Yrityksen verkkopalvelun k\u00e4ytt\u00e4j\u00e4rekisteri<\/p>\n\n\n\n<p class=\"has-ast-global-color-1-color has-text-color\">\u200d<strong>4. Oikeusperuste ja henkil\u00f6tietojen k\u00e4sittelyn tarkoitus<\/strong><br>EU:n yleisen tietosuoja-asetuksen mukainen oikeusperuste henkil\u00f6tietojen k\u00e4sittelylle on henkil\u00f6n vapaaehtoinen suostumus. Henkil\u00f6tietojen k\u00e4sittelyn tarkoitus on yhteydenpito asiakkaisiin, asiakassuhteen yll\u00e4pito sek\u00e4 markkinointi.<\/p>\n\n\n\n<p class=\"has-ast-global-color-1-color has-text-color\">\u200d<strong>5. Rekisterin tietosis\u00e4lt\u00f6<\/strong><br>Rekisteriin tallennettavia tietoja ovat: henkil\u00f6n nimimerkki sek\u00e4 s\u00e4hk\u00f6posti. Tietoja s\u00e4ilytet\u00e4\u00e4n 6kk, jonka j\u00e4lkeen ne h\u00e4vitet\u00e4\u00e4n. Verkkosivuston vierailijoiden IP-osoitteita ja palvelun toiminnoille v\u00e4ltt\u00e4m\u00e4tt\u00f6mi\u00e4 ev\u00e4steit\u00e4 k\u00e4sitell\u00e4\u00e4n oikeutetun edun perusteella mm. tietoturvasta huolehtimiseksi ja sivuston vierailijoiden tilastotietojen keruuta varten niiss\u00e4 tapauksissa, kun niiden voidaan katsoa olevan henkil\u00f6tietoja. Kolmansien osapuolten ev\u00e4steille pyydet\u00e4\u00e4n tarvittaessa suostumus erikseen.<\/p>\n\n\n\n<p class=\"has-ast-global-color-1-color has-text-color\">\u200d<strong>6. S\u00e4\u00e4nn\u00f6nmukaiset tietol\u00e4hteet<\/strong><br>Rekisteriin tallennettavat tiedot saadaan asiakkaalta mm. www-lomakkeilla l\u00e4hetetyist\u00e4 viesteist\u00e4, s\u00e4hk\u00f6postitse, puhelimitse, sopimuksista, asiakastapaamisista ja muista tilanteista, joissa asiakas luovuttaa tietojaan. Yritysten ja muiden organisaatioiden yhteyshenkil\u00f6iden tietoja voidaan ker\u00e4t\u00e4 my\u00f6s julkisista l\u00e4hteist\u00e4 kuten verkkosivuilta, hakemistopalveluista ja muilta yrityksilt\u00e4.<\/p>\n\n\n\n<p class=\"has-ast-global-color-1-color has-text-color\"><strong>7. Tietojen s\u00e4\u00e4nn\u00f6nmukaiset luovutukset ja tietojen siirto EU:n tai ETA:n ulkopuolelle<\/strong><br>Tietoja ei luovuteta s\u00e4\u00e4nn\u00f6nmukaisesti muille tahoille. Tietoja voidaan julkaista silt\u00e4 osin kuin niin on sovittu asiakkaan kanssa.<\/p>\n\n\n\n<p class=\"has-ast-global-color-1-color has-text-color\"><strong>8. Rekisterin suojauksen periaatteet<\/strong><br>Rekisterin k\u00e4sittelyss\u00e4 noudatetaan huolellisuutta ja tietoj\u00e4rjestelmien avulla k\u00e4sitelt\u00e4v\u00e4t tiedot suojataan asianmukaisesti. Kun rekisteritietoja s\u00e4ilytet\u00e4\u00e4n Internet-palvelimilla, niiden laitteiston fyysisest\u00e4 ja digitaalisesta tietoturvasta huolehditaan asiaankuuluvasti. Rekisterinpit\u00e4j\u00e4 huolehtii siit\u00e4, ett\u00e4 tallennettuja tietoja sek\u00e4 palvelimien k\u00e4ytt\u00f6oikeuksia ja muita henkil\u00f6tietojen turvallisuuden kannalta kriittisi\u00e4 tietoja k\u00e4sitell\u00e4\u00e4n luottamuksellisesti ja vain niiden ty\u00f6ntekij\u00f6iden toimesta, joiden ty\u00f6nkuvaan se kuuluu.<\/p>\n\n\n\n<p class=\"has-ast-global-color-1-color has-text-color\"><strong>9. Tarkastusoikeus ja oikeus vaatia tiedon korjaamista<\/strong><br>Jokaisella rekisteriss\u00e4 olevalla henkil\u00f6ll\u00e4 on oikeus tarkistaa rekisteriin tallennetut tietonsa ja vaatia mahdollisen virheellisen tiedon korjaamista tai puutteellisen tiedon t\u00e4ydent\u00e4mist\u00e4. Mik\u00e4li henkil\u00f6 haluaa tarkistaa h\u00e4nest\u00e4 tallennetut tiedot tai vaatia niihin oikaisua, pyynt\u00f6 tulee l\u00e4hett\u00e4\u00e4 kirjallisesti rekisterinpit\u00e4j\u00e4lle. Rekisterinpit\u00e4j\u00e4 voi pyyt\u00e4\u00e4 tarvittaessa pyynn\u00f6n esitt\u00e4j\u00e4\u00e4 todistamaan henkil\u00f6llisyytens\u00e4. Rekisterinpit\u00e4j\u00e4 vastaa asiakkaalle EU:n tietosuoja-asetuksessa s\u00e4\u00e4detyss\u00e4 ajassa (p\u00e4\u00e4s\u00e4\u00e4nt\u00f6isesti kuukauden kuluessa).<\/p>\n\n\n\n<p class=\"has-ast-global-color-1-color has-text-color\"><strong>10. Muut henkil\u00f6tietojen k\u00e4sittelyyn liittyv\u00e4t oikeudet<\/strong><br>Rekisteriss\u00e4 olevalla henkil\u00f6ll\u00e4 on oikeus pyyt\u00e4\u00e4 h\u00e4nt\u00e4 koskevien henkil\u00f6tietojen poistamiseen rekisterist\u00e4 (\u201coikeus tulla unohdetuksi\u201d). Niin ik\u00e4\u00e4n rekister\u00f6idyill\u00e4 on muut EU:n yleisen tietosuoja-asetuksen mukaiset oikeudet kuten henkil\u00f6tietojen k\u00e4sittelyn rajoittaminen tietyiss\u00e4 tilanteissa. Pyynn\u00f6t tulee l\u00e4hett\u00e4\u00e4 kirjallisesti rekisterinpit\u00e4j\u00e4lle. Rekisterinpit\u00e4j\u00e4 voi pyyt\u00e4\u00e4 tarvittaessa pyynn\u00f6n esitt\u00e4j\u00e4\u00e4 todistamaan henkil\u00f6llisyytens\u00e4. Rekisterinpit\u00e4j\u00e4 vastaa asiakkaalle EU:n tietosuoja-asetuksessa s\u00e4\u00e4detyss\u00e4 ajassa (p\u00e4\u00e4s\u00e4\u00e4nt\u00f6isesti kuukauden kuluessa).<\/p>\n\n\n\n<div style=\"height:100px\" aria-hidden=\"true\" class=\"wp-block-spacer\"><\/div>\n","protected":false},"excerpt":{"rendered":"<p>Rekisteri- ja tietosuojaseloste \u200dT\u00e4m\u00e4 on RT-Hanke Oy:n EU:n yleisen tietosuoja-asetuksen (GDPR) mukainen rekisteri- ja tietosuojaseloste. Laadittu 19.01.2023. \u200d1. Rekisterinpit\u00e4j\u00e4RT-Hanke Oy, (Y-tunnus 3094998-9), Metallimiehenkuja 10, 02150 Espoo \u200d2. Rekisterist\u00e4 vastaava yhteyshenkil\u00f6Raimo Kuisma,&nbsp;info@rakentajatiimi.fi,&nbsp;+358 40 019 9379 \u200d3. Rekisterin nimiYrityksen verkkopalvelun k\u00e4ytt\u00e4j\u00e4rekisteri \u200d4. Oikeusperuste ja henkil\u00f6tietojen k\u00e4sittelyn tarkoitusEU:n yleisen tietosuoja-asetuksen mukainen oikeusperuste henkil\u00f6tietojen k\u00e4sittelylle on henkil\u00f6n vapaaehtoinen suostumus. [&hellip;]<\/p>\n","protected":false},"author":1,"featured_media":0,"parent":0,"menu_order":0,"comment_status":"closed","ping_status":"closed","template":"","meta":{"site-sidebar-layout":"default","site-content-layout":"","ast-site-content-layout":"default","site-content-style":"default","site-sidebar-style":"default","ast-global-header-display":"","ast-banner-title-visibility":"","ast-main-header-display":"","ast-hfb-above-header-display":"","ast-hfb-below-header-display":"","ast-hfb-mobile-header-display":"","site-post-title":"","ast-breadcrumbs-content":"","ast-featured-img":"","footer-sml-layout":"","ast-disable-related-posts":"","theme-transparent-header-meta":"","adv-header-id-meta":"","stick-header-meta":"","header-above-stick-meta":"","header-main-stick-meta":"","header-below-stick-meta":"","astra-migrate-meta-layouts":"default","ast-page-background-enabled":"default","ast-page-background-meta":{"desktop":{"background-color":"var(--ast-global-color-4)","background-image":"","background-repeat":"repeat","background-position":"center center","background-size":"auto","background-attachment":"scroll","background-type":"","background-media":"","overlay-type":"","overlay-color":"","overlay-opacity":"","overlay-gradient":""},"tablet":{"background-color":"","background-image":"","background-repeat":"repeat","background-position":"center center","background-size":"auto","background-attachment":"scroll","background-type":"","background-media":"","overlay-type":"","overlay-color":"","overlay-opacity":"","overlay-gradient":""},"mobile":{"background-color":"","background-image":"","background-repeat":"repeat","background-position":"center center","background-size":"auto","background-attachment":"scroll","background-type":"","background-media":"","overlay-type":"","overlay-color":"","overlay-opacity":"","overlay-gradient":""}},"ast-content-background-meta":{"desktop":{"background-color":"var(--ast-global-color-5)","background-image":"","background-repeat":"repeat","background-position":"center center","background-size":"auto","background-attachment":"scroll","background-type":"","background-media":"","overlay-type":"","overlay-color":"","overlay-opacity":"","overlay-gradient":""},"tablet":{"background-color":"var(--ast-global-color-5)","background-image":"","background-repeat":"repeat","background-position":"center center","background-size":"auto","background-attachment":"scroll","background-type":"","background-media":"","overlay-type":"","overlay-color":"","overlay-opacity":"","overlay-gradient":""},"mobile":{"background-color":"var(--ast-global-color-5)","background-image":"","background-repeat":"repeat","background-position":"center center","background-size":"auto","background-attachment":"scroll","background-type":"","background-media":"","overlay-type":"","overlay-color":"","overlay-opacity":"","overlay-gradient":""}},"footnotes":""},"class_list":["post-281","page","type-page","status-publish","hentry"],"yoast_head":"<!-- This site is optimized with the Yoast SEO plugin v27.5 - https:\/\/yoast.com\/product\/yoast-seo-wordpress\/ -->\n<title>Rekisteri- ja tietosuojaseloste - Rakentajatiimi<\/title>\n<meta name=\"robots\" content=\"index, follow, max-snippet:-1, max-image-preview:large, max-video-preview:-1\" \/>\n<link rel=\"canonical\" href=\"https:\/\/rakentajatiimi.fi\/?page_id=281\" \/>\n<meta property=\"og:locale\" content=\"fi_FI\" \/>\n<meta property=\"og:type\" content=\"article\" \/>\n<meta property=\"og:title\" content=\"Rekisteri- ja tietosuojaseloste - Rakentajatiimi\" \/>\n<meta property=\"og:description\" content=\"Rekisteri- ja tietosuojaseloste \u200dT\u00e4m\u00e4 on RT-Hanke Oy:n EU:n yleisen tietosuoja-asetuksen (GDPR) mukainen rekisteri- ja tietosuojaseloste. Laadittu 19.01.2023. \u200d1. Rekisterinpit\u00e4j\u00e4RT-Hanke Oy, (Y-tunnus 3094998-9), Metallimiehenkuja 10, 02150 Espoo \u200d2. Rekisterist\u00e4 vastaava yhteyshenkil\u00f6Raimo Kuisma,&nbsp;info@rakentajatiimi.fi,&nbsp;+358 40 019 9379 \u200d3. Rekisterin nimiYrityksen verkkopalvelun k\u00e4ytt\u00e4j\u00e4rekisteri \u200d4. Oikeusperuste ja henkil\u00f6tietojen k\u00e4sittelyn tarkoitusEU:n yleisen tietosuoja-asetuksen mukainen oikeusperuste henkil\u00f6tietojen k\u00e4sittelylle on henkil\u00f6n vapaaehtoinen suostumus. [&hellip;]\" \/>\n<meta property=\"og:url\" content=\"https:\/\/rakentajatiimi.fi\/?page_id=281\" \/>\n<meta property=\"og:site_name\" content=\"Rakentajatiimi\" \/>\n<meta property=\"article:modified_time\" content=\"2025-03-13T14:54:23+00:00\" \/>\n<meta property=\"og:image\" content=\"https:\/\/rakentajatiimi.fi\/wp-content\/uploads\/2023\/03\/Rakentajatiimi_yhteydenotto-1.jpg\" \/>\n\t<meta property=\"og:image:width\" content=\"1366\" \/>\n\t<meta property=\"og:image:height\" content=\"768\" \/>\n\t<meta property=\"og:image:type\" content=\"image\/jpeg\" \/>\n<meta name=\"twitter:card\" content=\"summary_large_image\" \/>\n<meta name=\"twitter:label1\" content=\"Arvioitu lukuaika\" \/>\n\t<meta name=\"twitter:data1\" content=\"3 minuuttia\" \/>\n<script type=\"application\/ld+json\" class=\"yoast-schema-graph\">{\"@context\":\"https:\\\/\\\/schema.org\",\"@graph\":[{\"@type\":\"WebPage\",\"@id\":\"https:\\\/\\\/rakentajatiimi.fi\\\/?page_id=281\",\"url\":\"https:\\\/\\\/rakentajatiimi.fi\\\/?page_id=281\",\"name\":\"Rekisteri- ja tietosuojaseloste - Rakentajatiimi\",\"isPartOf\":{\"@id\":\"https:\\\/\\\/rakentajatiimi.fi\\\/#website\"},\"primaryImageOfPage\":{\"@id\":\"https:\\\/\\\/rakentajatiimi.fi\\\/?page_id=281#primaryimage\"},\"image\":{\"@id\":\"https:\\\/\\\/rakentajatiimi.fi\\\/?page_id=281#primaryimage\"},\"thumbnailUrl\":\"https:\\\/\\\/rakentajatiimi.fi\\\/wp-content\\\/uploads\\\/2023\\\/03\\\/Rakentajatiimi_yhteydenotto-1.jpg\",\"datePublished\":\"2023-01-26T21:02:03+00:00\",\"dateModified\":\"2025-03-13T14:54:23+00:00\",\"breadcrumb\":{\"@id\":\"https:\\\/\\\/rakentajatiimi.fi\\\/?page_id=281#breadcrumb\"},\"inLanguage\":\"fi\",\"potentialAction\":[{\"@type\":\"ReadAction\",\"target\":[\"https:\\\/\\\/rakentajatiimi.fi\\\/?page_id=281\"]}]},{\"@type\":\"ImageObject\",\"inLanguage\":\"fi\",\"@id\":\"https:\\\/\\\/rakentajatiimi.fi\\\/?page_id=281#primaryimage\",\"url\":\"https:\\\/\\\/rakentajatiimi.fi\\\/wp-content\\\/uploads\\\/2023\\\/03\\\/Rakentajatiimi_yhteydenotto-1.jpg\",\"contentUrl\":\"https:\\\/\\\/rakentajatiimi.fi\\\/wp-content\\\/uploads\\\/2023\\\/03\\\/Rakentajatiimi_yhteydenotto-1.jpg\",\"width\":1366,\"height\":768},{\"@type\":\"BreadcrumbList\",\"@id\":\"https:\\\/\\\/rakentajatiimi.fi\\\/?page_id=281#breadcrumb\",\"itemListElement\":[{\"@type\":\"ListItem\",\"position\":1,\"name\":\"Home\",\"item\":\"https:\\\/\\\/rakentajatiimi.fi\\\/\"},{\"@type\":\"ListItem\",\"position\":2,\"name\":\"Rekisteri- ja tietosuojaseloste\"}]},{\"@type\":\"WebSite\",\"@id\":\"https:\\\/\\\/rakentajatiimi.fi\\\/#website\",\"url\":\"https:\\\/\\\/rakentajatiimi.fi\\\/\",\"name\":\"Rakentajatiimi\",\"description\":\"Puhdasta Laatua\",\"publisher\":{\"@id\":\"https:\\\/\\\/rakentajatiimi.fi\\\/#organization\"},\"potentialAction\":[{\"@type\":\"SearchAction\",\"target\":{\"@type\":\"EntryPoint\",\"urlTemplate\":\"https:\\\/\\\/rakentajatiimi.fi\\\/?s={search_term_string}\"},\"query-input\":{\"@type\":\"PropertyValueSpecification\",\"valueRequired\":true,\"valueName\":\"search_term_string\"}}],\"inLanguage\":\"fi\"},{\"@type\":\"Organization\",\"@id\":\"https:\\\/\\\/rakentajatiimi.fi\\\/#organization\",\"name\":\"Rakentajatiimi\",\"url\":\"https:\\\/\\\/rakentajatiimi.fi\\\/\",\"logo\":{\"@type\":\"ImageObject\",\"inLanguage\":\"fi\",\"@id\":\"https:\\\/\\\/rakentajatiimi.fi\\\/#\\\/schema\\\/logo\\\/image\\\/\",\"url\":\"https:\\\/\\\/rakentajatiimi.fi\\\/wp-content\\\/uploads\\\/2023\\\/01\\\/cropped-rakentajatiimi_logo_ikoni.png\",\"contentUrl\":\"https:\\\/\\\/rakentajatiimi.fi\\\/wp-content\\\/uploads\\\/2023\\\/01\\\/cropped-rakentajatiimi_logo_ikoni.png\",\"width\":664,\"height\":623,\"caption\":\"Rakentajatiimi\"},\"image\":{\"@id\":\"https:\\\/\\\/rakentajatiimi.fi\\\/#\\\/schema\\\/logo\\\/image\\\/\"}}]}<\/script>\n<!-- \/ Yoast SEO plugin. -->","yoast_head_json":{"title":"Rekisteri- ja tietosuojaseloste - Rakentajatiimi","robots":{"index":"index","follow":"follow","max-snippet":"max-snippet:-1","max-image-preview":"max-image-preview:large","max-video-preview":"max-video-preview:-1"},"canonical":"https:\/\/rakentajatiimi.fi\/?page_id=281","og_locale":"fi_FI","og_type":"article","og_title":"Rekisteri- ja tietosuojaseloste - Rakentajatiimi","og_description":"Rekisteri- ja tietosuojaseloste \u200dT\u00e4m\u00e4 on RT-Hanke Oy:n EU:n yleisen tietosuoja-asetuksen (GDPR) mukainen rekisteri- ja tietosuojaseloste. Laadittu 19.01.2023. \u200d1. Rekisterinpit\u00e4j\u00e4RT-Hanke Oy, (Y-tunnus 3094998-9), Metallimiehenkuja 10, 02150 Espoo \u200d2. Rekisterist\u00e4 vastaava yhteyshenkil\u00f6Raimo Kuisma,&nbsp;info@rakentajatiimi.fi,&nbsp;+358 40 019 9379 \u200d3. Rekisterin nimiYrityksen verkkopalvelun k\u00e4ytt\u00e4j\u00e4rekisteri \u200d4. Oikeusperuste ja henkil\u00f6tietojen k\u00e4sittelyn tarkoitusEU:n yleisen tietosuoja-asetuksen mukainen oikeusperuste henkil\u00f6tietojen k\u00e4sittelylle on henkil\u00f6n vapaaehtoinen suostumus. [&hellip;]","og_url":"https:\/\/rakentajatiimi.fi\/?page_id=281","og_site_name":"Rakentajatiimi","article_modified_time":"2025-03-13T14:54:23+00:00","og_image":[{"width":1366,"height":768,"url":"https:\/\/rakentajatiimi.fi\/wp-content\/uploads\/2023\/03\/Rakentajatiimi_yhteydenotto-1.jpg","type":"image\/jpeg"}],"twitter_card":"summary_large_image","twitter_misc":{"Arvioitu lukuaika":"3 minuuttia"},"schema":{"@context":"https:\/\/schema.org","@graph":[{"@type":"WebPage","@id":"https:\/\/rakentajatiimi.fi\/?page_id=281","url":"https:\/\/rakentajatiimi.fi\/?page_id=281","name":"Rekisteri- ja tietosuojaseloste - Rakentajatiimi","isPartOf":{"@id":"https:\/\/rakentajatiimi.fi\/#website"},"primaryImageOfPage":{"@id":"https:\/\/rakentajatiimi.fi\/?page_id=281#primaryimage"},"image":{"@id":"https:\/\/rakentajatiimi.fi\/?page_id=281#primaryimage"},"thumbnailUrl":"https:\/\/rakentajatiimi.fi\/wp-content\/uploads\/2023\/03\/Rakentajatiimi_yhteydenotto-1.jpg","datePublished":"2023-01-26T21:02:03+00:00","dateModified":"2025-03-13T14:54:23+00:00","breadcrumb":{"@id":"https:\/\/rakentajatiimi.fi\/?page_id=281#breadcrumb"},"inLanguage":"fi","potentialAction":[{"@type":"ReadAction","target":["https:\/\/rakentajatiimi.fi\/?page_id=281"]}]},{"@type":"ImageObject","inLanguage":"fi","@id":"https:\/\/rakentajatiimi.fi\/?page_id=281#primaryimage","url":"https:\/\/rakentajatiimi.fi\/wp-content\/uploads\/2023\/03\/Rakentajatiimi_yhteydenotto-1.jpg","contentUrl":"https:\/\/rakentajatiimi.fi\/wp-content\/uploads\/2023\/03\/Rakentajatiimi_yhteydenotto-1.jpg","width":1366,"height":768},{"@type":"BreadcrumbList","@id":"https:\/\/rakentajatiimi.fi\/?page_id=281#breadcrumb","itemListElement":[{"@type":"ListItem","position":1,"name":"Home","item":"https:\/\/rakentajatiimi.fi\/"},{"@type":"ListItem","position":2,"name":"Rekisteri- ja tietosuojaseloste"}]},{"@type":"WebSite","@id":"https:\/\/rakentajatiimi.fi\/#website","url":"https:\/\/rakentajatiimi.fi\/","name":"Rakentajatiimi","description":"Puhdasta Laatua","publisher":{"@id":"https:\/\/rakentajatiimi.fi\/#organization"},"potentialAction":[{"@type":"SearchAction","target":{"@type":"EntryPoint","urlTemplate":"https:\/\/rakentajatiimi.fi\/?s={search_term_string}"},"query-input":{"@type":"PropertyValueSpecification","valueRequired":true,"valueName":"search_term_string"}}],"inLanguage":"fi"},{"@type":"Organization","@id":"https:\/\/rakentajatiimi.fi\/#organization","name":"Rakentajatiimi","url":"https:\/\/rakentajatiimi.fi\/","logo":{"@type":"ImageObject","inLanguage":"fi","@id":"https:\/\/rakentajatiimi.fi\/#\/schema\/logo\/image\/","url":"https:\/\/rakentajatiimi.fi\/wp-content\/uploads\/2023\/01\/cropped-rakentajatiimi_logo_ikoni.png","contentUrl":"https:\/\/rakentajatiimi.fi\/wp-content\/uploads\/2023\/01\/cropped-rakentajatiimi_logo_ikoni.png","width":664,"height":623,"caption":"Rakentajatiimi"},"image":{"@id":"https:\/\/rakentajatiimi.fi\/#\/schema\/logo\/image\/"}}]}},"_links":{"self":[{"href":"https:\/\/rakentajatiimi.fi\/index.php?rest_route=\/wp\/v2\/pages\/281","targetHints":{"allow":["GET"]}}],"collection":[{"href":"https:\/\/rakentajatiimi.fi\/index.php?rest_route=\/wp\/v2\/pages"}],"about":[{"href":"https:\/\/rakentajatiimi.fi\/index.php?rest_route=\/wp\/v2\/types\/page"}],"author":[{"embeddable":true,"href":"https:\/\/rakentajatiimi.fi\/index.php?rest_route=\/wp\/v2\/users\/1"}],"replies":[{"embeddable":true,"href":"https:\/\/rakentajatiimi.fi\/index.php?rest_route=%2Fwp%2Fv2%2Fcomments&post=281"}],"version-history":[{"count":6,"href":"https:\/\/rakentajatiimi.fi\/index.php?rest_route=\/wp\/v2\/pages\/281\/revisions"}],"predecessor-version":[{"id":400,"href":"https:\/\/rakentajatiimi.fi\/index.php?rest_route=\/wp\/v2\/pages\/281\/revisions\/400"}],"wp:attachment":[{"href":"https:\/\/rakentajatiimi.fi\/index.php?rest_route=%2Fwp%2Fv2%2Fmedia&parent=281"}],"curies":[{"name":"wp","href":"https:\/\/api.w.org\/{rel}","templated":true}]}}